*2 - 932*g. Calculate k(b).
-10
Let h be (-3 - (-1 - 1)) + -8. Let n = 7 + h. Let d(q) = -q**2 + q - 1. Let x(c) = c. Let a(i) = -3*d(i) + 7*x(i). What is a(n)?
7
Let b(f) = 2*f**2 + 17*f + 21. Let a = -7000 + 6993. Determine b(a).
0
Let l(h) = -8*h + 8. Suppose -3*n + 14 = -3*p - 13, 5*n + 9 = -4*p. Give l(p).
56
Let u(o) be the third derivative of 0*o + 0*o**3 + 1/24*o**4 + 21*o**2 + 3. What is u(4)?
4
Let s(m) be the third derivative of -m**6/120 + m**5/60 - m**4/8 + m**3/2 + 9*m**2. Suppose -4*o + 77 - 17 = 0. Let r be (9/(-5))/(o/(-25)). Calculate s(r).
-24
Let h(j) = -2*j**3 - 14*j**2 + 74. Let v be h(-6). Let r(b) be the third derivative of -1/24*b**4 + 0*b + 0 + 9*b**v - 1/2*b**3. Determine r(-6).
3
Suppose 6*s = -4*s + 510. Let q(p) = -49*p + 95*p - 4 + 2 - s*p. Give q(-1).
3
Let o(x) = -27*x - 1. Let h(a) = -5*a + 2. Let s(k) = 10*h(k) - 2*o(k). Give s(-4).
6
Let i(t) be the first derivative of t**4/4 - 4*t**3 + 6*t**2 - 27*t - 1526. Give i(11).
-16
Let j(n) be the third derivative of n**4/24 - 5*n**3/2 + 654*n**2. What is j(4)?
-11
Let t = 18 - 16. Suppose 0 = -l - x - 9, -t*l + 9 = -l - 5*x. Let k be (-5)/1 + (l + 5)/1. Let q(r) = r**3 + 7*r**2 + 7*r - 1. What is q(k)?
-7
Let d(u) = -2*u**2 + 5*u - 4. Let j(c) = -2*c**3 - 23*c**2 - 16*c - 51. Let n be j(-11). Determine d(n).
-16
Let o(d) be the first derivative of -2*d**3/3 + 19*d**2/2 + 12*d + 3209. Give o(8).
36
Let d(t) = -t**2 - 6*t + 17. Let n(q) = q**3 - 25*q**2 - 54*q - 7. Let x be n(27). Determine d(x).
10
Let m(w) = w**3 + 5*w**2 - 6*w + 2. Suppose -4*h = 2*h. Suppose -4*l - 19 = -h*i - i, 0 = -2*l. Let a = -25 + i. What is m(a)?
2
Let y(j) = j**2 + 6*j - 5. Let i be 3*3*3*20/45. Let l = i - 12. Let c be 1*(-3 + -3 + l). Determine y(c).
-5
Suppose -x - 11 = -2*n + 33, 3*x = -6. Let y(l) = n - 4*l**2 - 7 + 5*l**2 + 6*l - 15. Determine y(-5).
-6
Let n(h) be the first derivative of h**3/3 - h**2/2 + 3*h + 1108. Give n(5).
23
Suppose 83 = -2*y + 85. Let a(c) = 2*c**2 - 13*c**2 + 11*c**2 + c**3 - y. Let l(m) = -m**2 - 10*m + 2. Let q be l(-10). Determine a(q).
7
Let a(f) = 139*f**2 - 3*f - 5. Let x be a(-1). Suppose 45 = 46*h + x. Let j(c) = -c**3 - 2*c**2 - 3*c - 3. Calculate j(h).
3
Suppose -6*n + 128 = 20. Suppose n = -6*f + 96. Let h(k) = k**3 - 12*k**2 - 15*k - 8. What is h(f)?
-34
Let d(h) be the third derivative of -h**6/120 + h**5/12 + h**4/24 - h**3/2 + 2*h**2 + 312*h. Give d(4).
17
Let x be (-4)/(-14) + 12/7. Suppose -2*r + r = x*r. Let b(k) = -k**2 + k + 11. Determine b(r).
11
Let f(w) = 18*w + 45. Let p(k) = 91*k + 228. Let a(u) = -11*f(u) + 2*p(u). Let h(g) = 7*g + 19. Let c(v) = -3*a(v) - 7*h(v). Give c(-8).
-8
Let z(q) = q**3 + 4*q**2 - 4*q - 1. Let m = -33 - -29. Let j be z(m). Suppose 0 = -j*v + 20*v - 40. Let x(l) = l - 6. Calculate x(v).
2
Let m be (3 - 1 - 2)/(7 - 1). Let h(a) = a**3 + 2*a**2 + 6. Give h(m).
6
Suppose 12*l - 651 + 543 = 0. Let o(r) = -6*r + 66. Give o(l).
12
Let j(z) = z + 1. Let t be 6/(-2)*3 - -1. Let s be (-6)/(t/(24/(-6))). Calculate j(s).
-2
Let j(d) = d**3 - d**2 - 6. Let v be j(0). Let k(a) = 296*a**2 - 297*a**2 - 4*a + 100 - 186 + 92. What is k(v)?
-6
Let w(p) be the first derivative of 2*p**6/45 - p**3/3 - 2. Let m(l) be the third derivative of w(l). Let v = 7060 - 7059. Calculate m(v).
16
Let f(g) = -g**3 - g**2 + 2. Suppose 2*i = 3*i - 84. Suppose 159 = 4*p + r, -3 - i = -2*p - 3*r. Let j = 41 - p. Calculate f(j).
-10
Let w(i) = 73*i**3 + 39*i**2 + 17*i + 10. Let d(x) = 49*x**3 + 28*x**2 + 12*x + 7. Let u(p) = -7*d(p) + 5*w(p). Calculate u(-1).
-23
Let d(c) be the second derivative of c - 1/20*c**5 + 3 - 1/4*c**4 + 0*c**2 + 1/6*c**3. Give d(-3).
-3
Suppose -2*x = -6, -6 = 2*q - 3*q - 2*x. Suppose 5*j + 5*w + 355 = -90, -3*w + 6 = q. Let n = j - -85. Let z(f) = 4*f + 1. Determine z(n).
-23
Let h(v) = -2*v + 4. Suppose -5 = 3*p + 6*n - 4*n, 0 = -5*p - 4*n - 11. Let f(a) = 12*a**2 + 4*a - 4. Let w be f(p). Suppose -w = 4*q - 7*q. Determine h(q).
-4
Let v(m) = 2*m - 14. Let o(f) = -f + 2. Let y(i) = -3*o(i) - v(i). Let s(w) = w - 1. Let a(p) = -4*s(p) + y(p). Calculate a(5).
-3
Let n = -8 - -14. Let t(g) = -3*g + 12. Let v be t(n). Let q(x) be the second derivative of -x**4/12 - 5*x**3/3 - 7*x**2/2 + 39*x + 1. Give q(v).
17
Let t(p) = 3*p - 3*p - 6*p**2 + 0*p**2. Let d be (3 + -5)*(-3)/2. Suppose 4 = d*v + 1. Determine t(v).
-6
Let c(o) = 233 - 473 - 7*o + 239. Suppose 3*m - 3*a = m + 3, m + 5*a = 21. Give c(m).
-43
Let g(a) be the first derivative of -19*a**4/4 - a**3/3 + a - 3. Let k be (-3 + (-3 - -10))/(-9*(-24)/54). What is g(k)?
-19
Let c be 0 + 6/2 + 3. Let d be ((-8)/c)/(15/(-45)). Suppose -d*t - 3*y = 20, -5*y + 26 - 6 = -4*t. Let f(p) = -p**3 - 3*p**2 + 7*p + 2. Give f(t).
17
Let w(q) = 15 - q + 14 + 12 + 10 - 55. Let t(p) = 2*p + 2. Let a be t(-2). What is w(a)?
-2
Let p(z) = 3*z**2 - 3*z - 6. Let s be p(4). Let a = -26 + s. Suppose 3*y - k = -17, 6*y = 2*y - a*k + 4. Let i(l) = -l**3 - 4*l**2 + 5. Give i(y).
5
Let w be (-1 - 4) + 19/(76/60). Let b(i) = -11*i - 9*i**2 + 7 + 13 - 25 + 9 + i**3. Calculate b(w).
-6
Let u be -25*20*4/200. Let o(n) = -n**3 - 10*n**2 - 2*n + 7. What is o(u)?
27
Let n(d) = 2*d + 31 - 40 - 3 - 30 - 12. Calculate n(22).
-10
Let g(c) = -30*c**2 + 2*c - 52. Let f(r) = -43*r**2 + 2*r - 75. Let z(h) = -7*f(h) + 10*g(h). Suppose -12 + 4 = 4*k. Determine z(k).
-3
Let d(q) = -q - 4 + 2 - 1 - 6. Let h be -2 + (7 + 0 - (-2 + 3)). Suppose 10 = -h*x - 18. What is d(x)?
-2
Let w(a) = 43 - 135*a + 143*a - 21. What is w(-3)?
-2
Let h(t) = -t**2 - 14*t. Suppose 3*c + 5*k = -13, 2*c - 13*k + 2 = -18*k. Give h(c).
33
Let l = 4177/2 - 2088. Let i(c) be the first derivative of -l*c**2 - 27 - 3*c. Determine i(-6).
3
Let n(g) = 4*g**2 + 7*g + 7. Suppose 2 = 2*t + m, -2*m = -4*t + t - 11. Determine n(t).
4
Let p(a) = -a**2 - 7*a + 34. Let j = 1557 + -1567. What is p(j)?
4
Let n(l) = -7*l + 1. Let p = -11 - 7. Let g be -8*3/p + (-4)/(-6). Suppose g*o = 9*o - 7. Calculate n(o).
-6
Let g = -114 + 134. Let s(a) = 8*a + 4*a + 2*a - g*a. Calculate s(1).
-6
Let m(j) = 3*j**2 - 4*j + 1. Let y(p) = 5*p**2 - 6*p + 2. Let x(u) = -8*m(u) + 5*y(u). Suppose -17 = -3*o - 23. What is x(o)?
2
Suppose 5*z = -i + 18, -6*i - 7 = -z + 9. Let o(b) = -z*b**2 + 29 - 2*b**2 - 7*b**2 + b**3 + 9*b - 9 - 9. Determine o(12).
-25
Let l(f) = -f**3 + f**2 + 4*f + 1. Let c(d) = -d + 13. Suppose -88 = -5*r - 43. Let u be c(r). Suppose -u*x - 6 = -18. Calculate l(x).
-5
Let p(f) be the second derivative of -f**3/2 + 42*f**2 - 2828*f. Give p(27).
3
Let b(n) = n**3 + 5*n**2 + 10*n + 24. Let v be (90 + -94)*(7 - 6). Determine b(v).
0
Let c be (-1 + 0)*1048/131. Let p(t) = t + 14. What is p(c)?
6
Suppose 2 = -2*q + 4*z - z, 5*z - 2 = 2*q. Let u(h) = -47*h - 119. Let a(s) = 12*s + 31. Let l(r) = -23*a(r) - 6*u(r). Give l(q).
-5
Let f(d) = -d**3 + 8*d - 11. Suppose 0 = -p - 12*m + 9*m - 22, -5*p = 2*m + 32. Determine f(p).
21
Let g(p) = 12*p**3 - p**2 + p. Suppose 5*s + 2*f - 30 = -4, -15 = -5*f. Let w be (s/(-10))/(4/(-10)). Calculate g(w).
12
Let o(k) be the second derivative of -7/2*k**2 + 1/2*k**3 + 114*k + 0 + 1/2*k**4 + 1/20*k**5. What is o(-5)?
3
Let r(u) = -33*u + 3. Let x(w) = -72*w + 2. Let n(c) = -33*r(c) + 15*x(c). What is n(11)?
30
Let h(a) be the third derivative of -3*a**4/4 + 137*a**3/2 + 25*a**2 + 12*a - 2. What is h(23)?
-3
Let v = 12 - 12. Suppose -x - 8 + 11 = v. Let n(u) be the first derivative of -u**3/3 - 3*u**2/2 + u + 223. Determine n(x).
-17
Let v(g) be the third derivative of -g**5/60 - 2*g**4/3 + 2*g**3/3 + 3984*g**2. What is v(-11)?
59
Let i(s) be the third derivative of s**4/6 + 11*s**3 - 31*s**2 + 2*s + 3. Calculate i(-18).
-6
Let p = 3856 + -3855. Let z(l) = 6*l + 1. Determine z(p).
7
Let r(p) be the second derivative of -p**5/5 - p**4/12 + p**3/6 + p**2/2 - 9*p. Let x = 15 + 24. Let u = x + -40. Determine r(u).
3
Let i(j) = 14802*j + 14804*j - 44421*j - 87*j**2 + 14812*j - 2. Calculate i(-1).
-86
Let q(w) = 4*w**2 - 13*w + 42*w + 6 - 32*w - 5*w**2. Let v be (-1)/(44/20 - 2). Determine q(v).
-4
Let f(h) = -5*h**2 - h + 1. Let p(q) = 4*q**2 + 2*q. Let i(t) = -5*f(t) - 6*p(t). Suppose -24*o - 936 = -37*o. Suppose 59*y - 50*y = o. Give i(y).
3
Let c(a) be the first derivative of -a**4/4 + 8*a**3/3 - 9*a**2/2 - 5*a - 1859. What 